 the prime factors of 539596150?
2, 5, 17, 443, 1433
List the prime factors of 4677128.
2, 89, 6569
List the prime factors of 10690413.
3, 89, 40039
List the prime factors of 5827524246.
2, 3, 347, 933001
What are the prime factors of 12758372?
2, 11, 53, 5471
What are the prime factors of 72799261?
72799261
What are the prime factors of 37179412?
2, 9294853
What are the prime factors of 14128450?
2, 5, 7, 37, 1091
What are the prime factors of 257619003?
3, 17, 1583, 3191
What are the prime factors of 488575861?
19, 37, 694987
What are the prime factors of 1496296223?
13709, 109147
What are the prime factors of 158441981?
149, 499, 2131
What are the prime factors of 270124653?
3, 19, 61, 77689
List the prime factors of 9490650.
2, 3, 5, 13, 31, 157
List the prime factors of 5714086387.
281, 751, 27077
What are the prime factors of 63872275?
5, 2554891
What are the prime factors of 32620900?
2, 5, 13, 23, 1091
List the prime factors of 104575395.
3, 5, 6971693
List the prime factors of 84724709.
23, 37, 99559
What are the prime factors of 40822761?
3, 7, 1943941
List the prime factors of 5439116272.
2, 17, 19996751
List the prime factors of 282241851.
3, 359, 503, 521
What are the prime factors of 47297675?
5, 1891907
List the prime factors of 834899.
13, 64223
List the prime factors of 1439609832.
2, 3, 19994581
List the prime factors of 122121342.
2, 3, 7, 401, 2417
List the prime factors of 5135034914.
2, 41, 47, 787, 1693
What are the prime factors of 523538216?
2, 65442277
List the prime factors of 599948338.
2, 11, 27270379
What are the prime factors of 44455471?
44455471
List the prime factors of 293776897.
317, 926741
List the prime factors of 79666874.
2, 7, 43, 59, 2243
What are the prime factors of 314798748?
2, 3, 11, 59, 83, 487
What are the prime factors of 1325795175?
3, 5, 29, 89, 761
What are the prime factors of 176823158?
2, 19, 53, 87797
What are the prime factors of 1741405564?
2, 331, 397, 3313
What are the prime factors of 420610341?
3, 5827, 24061
What are the prime factors of 12679838?
2, 6339919
List the prime factors of 46207177.
46207177
What are the prime factors of 106095904?
2, 1063, 3119
What are the prime factors of 3268939426?
2, 7757, 210709
List the prime factors of 2352477.
3, 17, 193, 239
What are the prime factors of 25530420?
2, 3, 5, 607, 701
List the prime factors of 1070616303.
3, 389, 305803
List the prime factors of 24457595.
5, 4891519
What are the prime factors of 10747686?
2, 3, 37, 48413
What are the prime factors of 3018828929?
3018828929
List the prime factors of 514743544.
2, 7, 17, 540697
What are the prime factors of 9854868817?
389, 25333853
What are the prime factors of 152227592?
2, 11, 193, 8963
List the prime factors of 300212003.
7, 13, 3299033
What are the prime factors of 2038551246?
2, 3, 67, 563447
List the prime factors of 77530634.
2, 43, 61, 14779
What are the prime factors of 257128778?
2, 128564389
List the prime factors of 878957658.
2, 3, 197, 247873
What are the prime factors of 4182014366?
2, 409, 5112487
What are the prime factors of 4906546941?
3, 17239, 94873
What are the prime factors of 138526726?
2, 13, 5327951
What are the prime factors of 558760784?
2, 719, 48571
List the prime factors of 123494646.
2, 3, 11, 239, 7829
List the prime factors of 74240908.
2, 7, 31, 85531
List the prime factors of 10652444.
2, 11, 242101
List the prime factors of 2791663784.
2, 7, 13, 3834703
List the prime factors of 106011189.
3, 11779021
What are the prime factors of 2710065708?
2, 3, 7, 3584743
List the prime factors of 7580179897.
23, 5347, 61637
List the prime factors of 54748895.
5, 10949779
What are the prime factors of 46441552?
2, 17, 170741
What are the prime factors of 40874627?
2381, 17167
List the prime factors of 75086267.
73, 1028579
What are the prime factors of 308020893?
3, 37, 2027
What are the prime factors of 3900002823?
3, 4547, 10589
List the prime factors of 5438819.
5438819
What are the prime factors of 54322111?
353, 153887
List the prime factors of 185177881.
7, 739, 35797
What are the prime factors of 739160135?
5, 7, 19, 3079
What are the prime factors of 59005848?
2, 3, 11, 223507
What are the prime factors of 944899018?
2, 7, 23, 317, 9257
List the prime factors of 176641363.
787, 224449
What are the prime factors of 1018505227?
61, 16696807
List the prime factors of 1108211040.
2, 3, 5, 769591
What are the prime factors of 48475052?
2, 359, 33757
List the prime factors of 48102743.
13, 1427, 2593
List the prime factors of 34231905.
3, 5, 31, 53, 463
What are the prime factors of 115228698?
2, 3, 13, 1477291
What are the prime factors of 1106798277?
3, 13, 17, 83, 20113
What are the prime factors of 22513815?
3, 5, 79, 2111
List the prime factors of 110578683.
3, 1999, 18439
What are the prime factors of 386793729?
3, 7, 43, 71, 2011
What are the prime factors of 729302804?
2, 182325701
List the prime factors of 3964094774.
2, 47, 83, 508087
List the prime factors of 305099203.
305099203
What are the prime factors of 696172678?
2, 17, 1204451
What are the prime factors of 117273442?
2, 11, 13, 37277
List the prime factors of 72815155.
5, 7, 2080433
What are the prime factors of 34374971?
19, 1809209
What are the prime factors of 16908598?
2, 7, 1207757
What are the prime factors of 7781458710?
2, 3, 5, 71, 3653267
List the prime factors of 961228717.
961228717
What are the prime factors of 1736889615?
3, 5, 1031, 12479
What are the prime factors of 617628872?
2, 7, 31, 355777
What are the prime factors of 405699576?
2, 3, 23, 59, 12457
List the prime factors of 8447898238.
2, 13, 37, 8781599
List the prime factors of 61108599.
3, 2153, 9461
What are the prime factors of 326562966?
2, 3, 601, 30187
What are the prime factors of 256402943?
101, 199, 12757
What are the prime factors of 2160684978?
2, 3, 19, 113, 167729
List the prime factors of 145981982.
2, 383, 190577
List the prime factors of 139835485.
5, 61, 458477
List the prime factors of 121765469.
7, 1933, 8999
What are the prime factors of 75705381?
3, 2803903
What are the prime factors of 1338370378?
2, 31, 61, 353879
List the prime factors of 1852664627.
11, 168424057
List the prime factors of 159747288.
2, 3, 19, 61, 5743
What are the prime factors of 10894518?
2, 3, 17, 35603
What are the prime factors of 169643115?
3, 5, 19, 198413
What are the prime factors of 104260026?
2, 3, 13, 109, 12263
List the prime factors of 3812666218.
2, 28649, 66541
List the prime factors of 5732668426.
2, 2866334213
List the prime factors of 1422387883.
7, 223, 877, 1039
What are the prime factors of 40112223?
3, 379, 35279
What are the prime factors of 813673482?
2, 3, 17, 7977191
What are the prime factors of 17502250?
2, 5, 70009
What are the prime factors of 45932431?
241, 190591
What are the prime factors of 166774266?
2, 3, 107, 131, 661
List the prime factors of 2121631301.
61, 71, 489871
List the prime factors of 929939173.
19, 48944167
What are the prime factors of 626761521?
3, 167, 417007
What are the prime factors of 1665235826?
2, 2423, 343631
List the prime factors of 419172746.
2, 23, 241, 37811
List the prime factors of 518377074.
2, 3, 86396179
What are the prime factors of 54568383?
3, 2423, 7507
What are the prime factors of 49649544?
2, 3, 7, 4691
What are the prime factors of 440448867?
3, 1129, 14449
What are the prime factors of 28514769?
3, 137, 69379
List the prime factors of 534840446.
2, 7, 29, 659, 1999
List the prime factors of 23369988.
2, 3, 1947499
What are the prime factors of 88884197?
88884197
List the prime factors of 329869340.
2, 5, 43, 541, 709
What are the prime factors of 72168744?
2, 3, 31, 97001
What are the prime factors of 243932850?
2, 3, 5, 7, 83, 311
What are the prime factors of 7364738753?
4969, 1482137
What are the prime factors of 408645706?
2, 7, 4099, 7121
List the prime factors of 41076776.
2, 13, 394969
List the prime factors of 1603120038.
2, 3, 13, 20552821
What are the prime factors of 76067971?
7, 73, 148861
What are the prime factors of 9639657?
3, 163, 6571
What are the prime factors of 2509463530?
2, 5, 7, 23, 1558673
List the prime factors of 816065419.
13, 62774263
List the prime factors of 288146033.
7, 41163719
What are the prime factors 